ghest common factor of 1093803998 and 14.
14
What is the highest common factor of 69142 and 1799502?
362
Calculate the greatest common divisor of 5205965 and 84353.
1259
Calculate the highest common factor of 4370 and 1061328790.
4370
Calculate the greatest common factor of 8290926 and 58.
58
What is the greatest common divisor of 18 and 84318903?
9
Calculate the highest common factor of 115275 and 14075.
25
Calculate the highest common divisor of 3264705 and 3645.
1215
Calculate the highest common factor of 26 and 171779738.
26
What is the greatest common divisor of 261016 and 1034152?
3304
Calculate the greatest common factor of 104283 and 161388.
9
What is the highest common factor of 623128 and 264?
88
What is the greatest common divisor of 70 and 3890474?
14
Calculate the highest common factor of 4865469 and 126255.
1329
Calculate the highest common divisor of 43912112 and 7456.
3728
Calculate the highest common divisor of 1276280 and 440.
40
What is the highest common divisor of 99450 and 9630?
90
Calculate the highest common divisor of 30482215 and 5205.
1735
What is the greatest common divisor of 21812 and 19202350?
1558
What is the highest common divisor of 138 and 51606848?
46
What is the highest common factor of 4720 and 35321530?
590
What is the highest common factor of 117 and 3195816?
39
Calculate the highest common divisor of 19050426 and 4446.
342
Calculate the greatest common divisor of 22690440 and 360.
360
Calculate the greatest common divisor of 6438428 and 1952.
244
What is the greatest common factor of 1576444 and 25414?
194
What is the highest common factor of 13005250 and 250?
250
Calculate the greatest common divisor of 15183 and 99512.
7
Calculate the highest common factor of 10433880 and 80.
40
What is the greatest common divisor of 2277212 and 668?
668
Calculate the greatest common factor of 812485 and 731.
43
What is the greatest common factor of 16919 and 8470?
7
What is the greatest common factor of 3036488 and 1040256?
2408
What is the highest common divisor of 138355782 and 8124?
4062
Calculate the highest common factor of 2849 and 2258221.
259
Calculate the greatest common divisor of 16101 and 967833.
9
Calculate the greatest common divisor of 2667490 and 1060.
530
What is the highest common factor of 29402946 and 162?
54
Calculate the highest common divisor of 639 and 1807163.
71
Calculate the greatest common divisor of 934045 and 10.
5
Calculate the greatest common factor of 6444 and 774108.
36
What is the highest common factor of 4324 and 454549?
23
Calculate the highest common divisor of 6323621 and 2785.
557
Calculate the highest common factor of 42942 and 31087482.
2526
Calculate the highest common factor of 169970 and 7498.
46
Calculate the greatest common divisor of 5933 and 1053490.
17
Calculate the greatest common factor of 1014 and 4911478.
338
Calculate the highest common factor of 44399727 and 9.
9
Calculate the highest common factor of 11352 and 87432.
24
What is the highest common factor of 353 and 1582146?
353
What is the greatest common divisor of 903199272 and 9168?
4584
What is the highest common factor of 2355 and 19169055?
15
What is the highest common factor of 138 and 325788?
6
What is the greatest common factor of 24531 and 144226?
37
Calculate the greatest common divisor of 2139 and 20806456.
31
What is the highest common divisor of 765495 and 64755?
45
What is the highest common divisor of 35275 and 37931?
83
Calculate the highest common divisor of 21113384 and 592.
296
Calculate the highest common factor of 117 and 12123.
9
Calculate the highest common divisor of 6678 and 2909214.
126
What is the greatest common factor of 859777000 and 2000?
1000
What is the highest common divisor of 184 and 72381?
23
Calculate the highest common factor of 8695974 and 1398306.
8274
What is the greatest common factor of 90426 and 2043197?
2153
Calculate the highest common factor of 134196 and 1685559.
159
Calculate the greatest common factor of 133 and 2001924246.
133
What is the highest common factor of 4922 and 29341112?
214
Calculate the greatest common divisor of 30234576 and 1320.
24
Calculate the highest common factor of 18660516 and 861.
21
What is the greatest common factor of 10728984 and 648?
24
What is the greatest common divisor of 133944139 and 357?
119
What is the greatest common factor of 14 and 259595854?
14
Calculate the highest common factor of 919030 and 13699.
133
Calculate the highest common divisor of 28 and 1671446.
14
What is the highest common factor of 198288 and 14382?
306
Calculate the greatest common factor of 181221 and 415773.
87
Calculate the highest common factor of 3424 and 1613881.
107
Calculate the greatest common divisor of 33957993 and 51.
51
Calculate the greatest common factor of 252 and 147183228.
36
What is the greatest common factor of 10170 and 16438110?
3390
Calculate the highest common divisor of 86494 and 962998.
118
Calculate the greatest common factor of 1849 and 576544.
43
Calculate the greatest common divisor of 3423 and 625618.
7
What is the greatest common divisor of 179 and 8065382?
179
Calculate the highest common factor of 10 and 2173058.
2
What is the highest common factor of 356155 and 1417122?
3749
Calculate the greatest common factor of 247552 and 132479.
967
What is the highest common factor of 131141329 and 8888?
1111
What is the greatest common divisor of 21640454 and 418?
22
Calculate the greatest common factor of 10421425 and 340.
85
Calculate the greatest common divisor of 12912794 and 218.
218
Calculate the greatest common factor of 712636 and 39772.
652
Calculate the greatest common divisor of 364313385 and 585.
45
What is the highest common factor of 994188 and 3744?
156
Calculate the highest common factor of 50 and 23646710.
10
What is the greatest common divisor of 70091 and 182077?
133
Calculate the highest common factor of 828 and 377767962.
414
What is the highest common divisor of 2800893 and 21?
3
What is the highest common factor of 1112860 and 670?
10
What is the greatest common divisor of 2075980594 and 503?
503
What is the highest common divisor of 38 and 79787688?
38
Calculate the highest common factor of 30723 and 3969.
147
What is the highest common factor of 49517080 and 1720?
1720
What is the greatest common divisor of 1660 and 832420?
20
Calculate the greatest common factor of 604670976 and 1176.
1176
What is the highest common divisor of 408944 and 686006?
122
Calculate the highest common divisor of 108 and 851580.
108
What is the highest common divisor of 996686332 and 124?
124
What is the highest common factor of 2340948 and 759396?
6276
What is the greatest common factor of 33855328 and 728?
104
What is the highest common factor of 1660400 and 1020?
20
What is the highest common factor of 314437 and 138306?
89
What is the greatest common factor of 37031 and 151468?
19
Calculate the greatest common factor of 60580 and 45695.
65
Calculate the greatest common factor of 1055546 and 200574.
2026
What is the greatest common factor of 2319 and 74167031?
773
What is the greatest common factor of 502540 and 25?
5
Calculate the highest common divisor of 1720863 and 802629.
3303
What is the greatest common divisor of 32064 and 3561609?
501
What is the greatest common factor of 604356 and 524?
4
What is the greatest common factor of 18354 and 2405179?
161
What is the greatest common factor of 208920 and 10065?
15
Calculate the highest common divisor of 38389 and 569777.
13
Calculate the greatest common factor of 17824 and 9575387.
557
What is the greatest common divisor of 1046851 and 91?
13
What is the highest common divisor of 40817 and 806344?
833
What is the greatest common factor of 5476 and 464182723?
1369
Calculate the greatest common factor of 4020 and 459735.
15
Calculate the greatest common factor of 3808 and 173152.
224
What is the greatest common divisor of 3842392 and 1576?
8
Calculate the highest common divisor of 620 and 61952260.
620
Calculate the greatest common factor of 877876 and 988.
76
Calculate the highest common factor of 22563275 and 18256.
1141
What is the greatest common factor of 792 and 15499?
11
Calculate the greatest common factor of 5514267 and 33.
33
What is the greatest common factor of